{"id":42,"date":"2018-09-27T16:04:09","date_gmt":"2018-09-27T16:04:09","guid":{"rendered":"http:\/\/szkolenia.mobi\/?page_id=42"},"modified":"2023-03-31T17:36:32","modified_gmt":"2023-03-31T17:36:32","slug":"kurs-obslugi-smartfona-z-systemem-android","status":"publish","type":"page","link":"https:\/\/serwis.help\/?page_id=42","title":{"rendered":"Kurs obs\u0142ugi smartfona, tabletu z systemem Android"},"content":{"rendered":"<p><strong>Obs\u0142uga smartfon\u00f3w, tabletu z systemem Android<\/strong><\/p>\n<p><a href=\"https:\/\/serwis.help\/wp-content\/uploads\/2016\/05\/naglowek-wp.jpg\"><img loading=\"lazy\" decoding=\"async\" class=\"size-medium wp-image-43\" src=\"https:\/\/serwis.help\/wp-content\/uploads\/2016\/05\/naglowek-wp-300x242.jpg\" alt=\"senior businessman winning in front of computer over white\" width=\"300\" height=\"242\" srcset=\"https:\/\/serwis.help\/wp-content\/uploads\/2016\/05\/naglowek-wp-300x242.jpg 300w, https:\/\/serwis.help\/wp-content\/uploads\/2016\/05\/naglowek-wp-624x504.jpg 624w, https:\/\/serwis.help\/wp-content\/uploads\/2016\/05\/naglowek-wp.jpg 700w\" sizes=\"auto, (max-width: 300px) 100vw, 300px\" \/><\/a><\/p>\n<p>Szukasz idealnego prezentu dla swojego dziadka lub babci, kt\u00f3rzy chcieliby nauczy\u0107 si\u0119 obs\u0142ugi smartfona lub tabletu, ale nie wiedz\u0105 od czego zacz\u0105\u0107? Oferujemy kursy dla senior\u00f3w, kt\u00f3re pomog\u0105 pozna\u0107 tajniki korzystania z urz\u0105dze\u0144 mobilnych w prosty i przyst\u0119pny spos\u00f3b.<\/p>\n<p>Nasi do\u015bwiadczeni instruktorzy specjalizuj\u0105 si\u0119 w nauczaniu senior\u00f3w, dostosowuj\u0105c tempo nauki i metody przekazywania wiedzy do indywidualnych potrzeb i umiej\u0119tno\u015bci uczestnik\u00f3w. Dzi\u0119ki temu, nawet osoby, kt\u00f3re nigdy nie mia\u0142y styczno\u015bci ze smartfonem lub tabletem, szybko i skutecznie naucz\u0105 si\u0119 jego obs\u0142ugi.<\/p>\n<p>W ramach kursu seniorzy poznaj\u0105 m.in.:<\/p>\n<ul>\n<li>obs\u0142ug\u0119 ekranu dotykowego<\/li>\n<li>korzystanie z podstawowych funkcji smartfona lub tabletu (np. aparat fotograficzny, odtwarzacz muzyki)<\/li>\n<li>instalacj\u0119 i korzystanie z aplikacji<\/li>\n<li>korzystanie z poczty elektronicznej oraz komunikator\u00f3w internetowych<\/li>\n<li>bezpiecze\u0144stwo w sieci oraz ochron\u0119 przed zagro\u017ceniami<\/li>\n<\/ul>\n<p>Kursy prowadzone s\u0105 w formie zaj\u0119\u0107 stacjonarnych lub online, co pozwala na wyb\u00f3r dogodnego trybu nauki. Wszyscy uczestnicy otrzymuj\u0105 materia\u0142y dydaktyczne oraz certyfikaty uko\u0144czenia kursu.<\/p>\n<p>Prezentuj\u0105c nasze kursy jako prezent dla seniora, zapewnisz mu nie tylko warto\u015bciow\u0105 wiedz\u0119, ale tak\u017ce mo\u017cliwo\u015b\u0107 poszerzenia swojego horyzontu oraz umiej\u0119tno\u015bci, kt\u00f3re pomog\u0105 w codziennych czynno\u015bciach. Skontaktuj si\u0119 z nami i wybierz kurs, kt\u00f3ry najlepiej odpowiada potrzebom i zainteresowaniom obdarowywanej osoby. Daj jej szans\u0119 na nauk\u0119 i rozw\u00f3j!<\/p>\n<p><strong>Zapisy tel. 604335488.<\/strong><\/p>\n<p><strong>UWAGA: Ostatnie wolne terminy. Zapraszamy!<\/strong><\/p>\n<p>Wykaz miejscowo\u015bci do kt\u00f3rych doje\u017cd\u017cam bez dodatkowych op\u0142at w przypadku zakupu kursu min 10h.\u00a0Krak\u00f3w, Katowice, Bytom, Chorz\u00f3w,<br \/>\nZabierz\u00f3w, Krzeszowice, Trzebinia, Chrzan\u00f3w, D\u0105browa G\u00f3rnicza, Jaworzno, Mys\u0142owice, B\u0119dzin, Siemianowice \u015al\u0105skie, o inne prosz\u0119 pyta\u0107 tel. 604335488<span style=\"line-height: 1.71429; font-size: 1rem;\">.<\/span><\/p>\n<p><!--more--><\/p>\n","protected":false},"excerpt":{"rendered":"<p>Obs\u0142uga smartfon\u00f3w, tabletu z systemem Android Szukasz idealnego prezentu dla swojego dziadka lub babci, kt\u00f3rzy chcieliby nauczy\u0107 si\u0119 obs\u0142ugi smartfona lub tabletu, ale nie wiedz\u0105 od czego zacz\u0105\u0107? Oferujemy kursy dla senior\u00f3w, kt\u00f3re pomog\u0105 pozna\u0107 tajniki korzystania z urz\u0105dze\u0144 mobilnych w prosty i przyst\u0119pny spos\u00f3b. Nasi do\u015bwiadczeni instruktorzy specjalizuj\u0105 si\u0119 w nauczaniu senior\u00f3w, dostosowuj\u0105c tempo [&hellip;]<\/p>\n","protected":false},"author":1,"featured_media":0,"parent":0,"menu_order":5,"comment_status":"closed","ping_status":"closed","template":"","meta":{"footnotes":""},"class_list":["post-42","page","type-page","status-publish","hentry"],"_links":{"self":[{"href":"https:\/\/serwis.help\/index.php?rest_route=\/wp\/v2\/pages\/42","targetHints":{"allow":["GET"]}}],"collection":[{"href":"https:\/\/serwis.help\/index.php?rest_route=\/wp\/v2\/pages"}],"about":[{"href":"https:\/\/serwis.help\/index.php?rest_route=\/wp\/v2\/types\/page"}],"author":[{"embeddable":true,"href":"https:\/\/serwis.help\/index.php?rest_route=\/wp\/v2\/users\/1"}],"replies":[{"embeddable":true,"href":"https:\/\/serwis.help\/index.php?rest_route=%2Fwp%2Fv2%2Fcomments&post=42"}],"version-history":[{"count":17,"href":"https:\/\/serwis.help\/index.php?rest_route=\/wp\/v2\/pages\/42\/revisions"}],"predecessor-version":[{"id":458,"href":"https:\/\/serwis.help\/index.php?rest_route=\/wp\/v2\/pages\/42\/revisions\/458"}],"wp:attachment":[{"href":"https:\/\/serwis.help\/index.php?rest_route=%2Fwp%2Fv2%2Fmedia&parent=42"}],"curies":[{"name":"wp","href":"https:\/\/api.w.org\/{rel}","templated":true}]}}